{"id":109,"date":"2015-08-25T19:02:55","date_gmt":"2015-08-25T17:02:55","guid":{"rendered":"http:\/\/nmsernstbrunn.ac.at\/wordpress\/?page_id=109"},"modified":"2021-10-05T20:14:13","modified_gmt":"2021-10-05T18:14:13","slug":"sport","status":"publish","type":"page","link":"https:\/\/www.nmsernstbrunn.ac.at\/wordpress\/sport\/","title":{"rendered":"Sport"},"content":{"rendered":"<p>\u201e<strong>Bewegung und Sport<\/strong>\u201c ist ein hervorragendes Lernfeld f\u00fcr Kinder und Jugendliche.<\/p>\n<p>Bewegung beeinflusst nicht nur die k\u00f6rperliche und motorische Entwicklung der Jugend, sondern unterst\u00fctzt ihre Pers\u00f6nlichkeitsentwicklung, vermittelt Freude an k\u00f6rperlicher Aktivit\u00e4t, erh\u00f6ht ihre Lern- und Leistungsf\u00e4higkeit, f\u00f6rdert faires, partnerschaftliches Verhalten und st\u00e4rkt wichtige Gesundheitsressourcen. \u201eBewegung und Sport\u201c leistet somit einen unverzichtbaren Beitrag zur ganzheitlichen Entwicklung der Kinder und Jugendlichen und ist in jedem Alter ein wichtiger Faktor f\u00fcr eine verbesserte Lebensqualit\u00e4t im Alltag, im Beruf und in der Freizeit.<\/p>\n<hr class=\"wc-shortcodes-spacing \" style=\"height: 32px\" \/>\n<div class=\"su-quote su-quote-style-default su-quote-has-cite\"><div class=\"su-quote-inner su-u-clearfix su-u-trim\">Sports have the power to change the world. It has the power to inspire, the power to unite people in a way that little else does. It speaks to youth in a language they understand. Sports can create hope, where there was once only despair. It is more powerful than governments in breaking down racial barriers. <span class=\"su-quote-cite\">Nelson Mandela, Laureus World Sports Awards (2000).<\/span><\/div><\/div>\n<hr class=\"wc-shortcodes-spacing \" style=\"height: 32px\" \/>\n<p>Abseits der &#8222;Bewegung und Sport&#8220; Stunden im t\u00e4glichen Unterricht bietet unsere Schule folgende<\/p>\n<p><strong>unverbindliche\u00a0\u00dcbungen<\/strong> im Bereich Sport an:<\/p>\n<ul>\n<li>Fu\u00dfball<\/li>\n<li>Volleyball<\/li>\n<li>M\u00e4dchenfu\u00dfball<\/li>\n<\/ul>\n<p><a  href=\"http:\/\/nmsernstbrunn.ac.at\/wordpress\/wp-content\/uploads\/2015\/08\/20220440853_439853bbae_b.jpg\" data-rel=\"lightbox-gallery-0\" data-rl_title=\"\" data-rl_caption=\"\" title=\"\"><img loading=\"lazy\" decoding=\"async\" class=\"wp-image-444  alignright\" src=\"http:\/\/nmsernstbrunn.ac.at\/wordpress\/wp-content\/uploads\/2015\/08\/20220440853_439853bbae_b-600x401.jpg?_t=1486302972\" width=\"302\" height=\"202\" srcset=\"https:\/\/www.nmsernstbrunn.ac.at\/wordpress\/wp-content\/uploads\/2015\/08\/20220440853_439853bbae_b-600x401.jpg 600w, https:\/\/www.nmsernstbrunn.ac.at\/wordpress\/wp-content\/uploads\/2015\/08\/20220440853_439853bbae_b-400x268.jpg 400w, https:\/\/www.nmsernstbrunn.ac.at\/wordpress\/wp-content\/uploads\/2015\/08\/20220440853_439853bbae_b.jpg 640w\" sizes=\"auto, (max-width: 302px) 100vw, 302px\" \/><\/a><br \/>\nDas gemeinsame Spiel, der Wettbewerb und das Erleben von Sieg und Niederlage in der Gemeinschaft sind f\u00fcr viele Sch\u00fclerInnen wichtige Erfahrungen, die ihre Pers\u00f6nlichkeit st\u00e4rken und weiterentwickeln. Erfolge hier st\u00e4rken auch das Selbstbewusstsein f\u00fcr den Alltag.<\/p>\n<p><strong style=\"line-height: 1.5;\">Projektwochen<\/strong><span style=\"line-height: 1.5;\"> mit dem Themenschwerpunkt Bewegung:<\/span><\/p>\n<ul>\n<li>1. Klasse: Schwimmwoche in Raabs\/Thaya<\/li>\n<li>2. Klasse: Wintersportwoche in Werfenweng<\/li>\n<li>3. Klasse: Wintersportwoche in Zell\/See<\/li>\n<li>4. Klasse: Sportwoche<\/li>\n<\/ul>\n","protected":false},"excerpt":{"rendered":"<p>\u201eBewegung und Sport\u201c ist ein hervorragendes Lernfeld f\u00fcr Kinder und Jugendliche. Bewegung beeinflusst nicht nur die k\u00f6rperliche und motorische Entwicklung der Jugend, sondern unterst\u00fctzt ihre Pers\u00f6nlichkeitsentwicklung, vermittelt Freude an k\u00f6rperlicher Aktivit\u00e4t, erh\u00f6ht ihre Lern- und Leistungsf\u00e4higkeit, f\u00f6rdert faires, partnerschaftliches Verhalten und st\u00e4rkt wichtige Gesundheitsressourcen. \u201eBewegung und Sport\u201c leistet somit einen [&hellip;]<\/p>\n","protected":false},"author":1,"featured_media":0,"parent":0,"menu_order":0,"comment_status":"closed","ping_status":"closed","template":"","meta":{"footnotes":""},"class_list":["post-109","page","type-page","status-publish","hentry"],"_links":{"self":[{"href":"https:\/\/www.nmsernstbrunn.ac.at\/wordpress\/wp-json\/wp\/v2\/pages\/109","targetHints":{"allow":["GET"]}}],"collection":[{"href":"https:\/\/www.nmsernstbrunn.ac.at\/wordpress\/wp-json\/wp\/v2\/pages"}],"about":[{"href":"https:\/\/www.nmsernstbrunn.ac.at\/wordpress\/wp-json\/wp\/v2\/types\/page"}],"author":[{"embeddable":true,"href":"https:\/\/www.nmsernstbrunn.ac.at\/wordpress\/wp-json\/wp\/v2\/users\/1"}],"replies":[{"embeddable":true,"href":"https:\/\/www.nmsernstbrunn.ac.at\/wordpress\/wp-json\/wp\/v2\/comments?post=109"}],"version-history":[{"count":15,"href":"https:\/\/www.nmsernstbrunn.ac.at\/wordpress\/wp-json\/wp\/v2\/pages\/109\/revisions"}],"predecessor-version":[{"id":4680,"href":"https:\/\/www.nmsernstbrunn.ac.at\/wordpress\/wp-json\/wp\/v2\/pages\/109\/revisions\/4680"}],"wp:attachment":[{"href":"https:\/\/www.nmsernstbrunn.ac.at\/wordpress\/wp-json\/wp\/v2\/media?parent=109"}],"curies":[{"name":"wp","href":"https:\/\/api.w.org\/{rel}","templated":true}]}}